s divided by o(-19).
0
Let o = -1286 + 1515. What is the remainder when o is divided by 23?
22
Let r = 770 + 55. Suppose -r + 55 = -10*i. Calculate the remainder when i is divided by 13.
12
Suppose -176 = -3*u - 68. Let f(g) = 2*g**2 + 38*g + 44. Calculate the remainder when u is divided by f(-18).
4
Let t = 17 + -14. Suppose 30 = -i - 2*i - t*g, 0 = -3*i - g - 38. Calculate the remainder when 20 is divided by (-4 - -5)/((-2)/i).
6
Let a(c) = c**2 + 4*c - 4. Let h be a(-6). Let l(k) = k**3 - 7*k**2 - 7*k + 7. Let u = 90 + -61. What is the remainder when u is divided by l(h)?
14
Let z be (2/4 + 0)*-2. Suppose 6*k - 21 = 57. What is the remainder when (-2)/((-2)/37) + z is divided by k?
10
Let j(l) = -16*l + 712. What is the remainder when j(-26) is divided by 13?
10
Let r = -2 + -6. Let o = r - -10. Suppose -6*x + o*x + 100 = 0. What is the remainder when 99 is divided by x?
24
Let d be (48/9)/((8/(-60))/(-1)). Let l = d - 26. Calculate the remainder when 25 is divided by l.
11
Let y(o) = o**2 + 2*o + 1. Let w be y(0). What is the remainder when 90 is divided by 63/3 + (w - -1)?
21
Let b(k) = 2*k**2 - k - 42. Calculate the remainder when b(-17) is divided by 15.
13
Let q = -41 - -46. Suppose -q*f = -3*o + 8 - 45, 0 = f - 4*o - 21. What is the remainder when 22 is divided by f?
2
Let u = 7 + -4. Suppose -u*n - n + 65 = f, 5*n + 3*f = 90. Let o(p) = 30*p**2 + p. Calculate the remainder when o(-1) is divided by n.
14
Suppose 5*h + 150 = 3*s, -h = -44*s + 47*s - 150. What is the remainder when 699 is divided by s?
49
Suppose 118*v = 114*v + 96. Calculate the remainder when 116 is divided by v.
20
Suppose 27*c - 27 = 2 + 106. Calculate the remainder when 4/10 - 243/(-5) is divided by c.
4
Suppose -f = 491 - 544. What is the remainder when 211 is divided by f?
52
Suppose 0 = 11*z - 169 - 40. What is the remainder when 69 is divided by z?
12
Let n = 1494 + -608. What is the remainder when n is divided by 33?
28
Let k(o) = 6*o**3 - 2*o**2 + 11*o - 18. What is the remainder when 250 is divided by k(2)?
30
Suppose 3*c + j = 311, 96 = 2*c - 4*j - 102. What is the remainder when c is divided by 52?
51
Suppose -11 + 46 = 5*c. What is the remainder when (-370)/(-3) - c/21 is divided by 31?
30
Let s(n) = n**3 + 4*n**2 - n - 1. Let t = -2 - 2. Let j be s(t). Suppose 5*k - 42 = -j*m - m, 4*k = -m + 5. Calculate the remainder when 38 is divided by m.
12
Suppose -483 = 3*n - 5*d, -842 = 5*n + 2*d + 2*d. Let z = -89 - n. Calculate the remainder when z is divided by 13.
12
Suppose 4*a = 6*a - 82. Let r = 64 + 4. Let b = -46 + r. Calculate the remainder when a is divided by b.
19
Calculate the remainder when 94 is divided by -2 + 47 + (-21)/49*-7.
46
Suppose -6*n = 21 - 645. Calculate the remainder when n is divided by 35.
34
Let y = -16 - -27. Let s(h) = 39*h**2 + 2*h + 1. Let w(c) = 40*c**2 + 2*c + 1. Let d(k) = -3*s(k) + 4*w(k). Calculate the remainder when d(-1) is divided by y.
9
Suppose -3*k - 12 = -4*k. Suppose 2*g + 21 = 3*j, 25*j + 4*g = 27*j - 22. Calculate the remainder when k is divided by j.
2
Calculate the remainder when 220 is divided by (-4)/70 + (-181632)/(-3360).
4
Let l = -243 + 319. What is the remainder when l is divided by 30?
16
Let h = -1956 - -1963. What is the remainder when 47 is divided by h?
5
Let y(g) = -g**2 - 5*g. Let z be y(-5). Suppose z = -h + 1 + 1. What is the remainder when 9 is divided by h?
1
Let m be (-5 + -1)/(2/(-59)). Suppose 6*h = m + 45. Calculate the remainder when h is divided by 19.
18
Let o = -12 + 20. Suppose j = c + 2*j - o, j = 3*c - 12. Calculate the remainder when 49 is divided by c.
4
Suppose 107 = 2*q + q - i, -3*i = -5*q + 173. Suppose -2*u = -2*l + 16, 5*l = -u + 35 + 35. Calculate the remainder when q is divided by l.
11
Let o = -84 + 46. What is the remainder when 1 + -10 + 6 - 2*o is divided by 25?
23
Let b(a) = 3*a + 5. Let x be b(-2). Let s be (17/(-5))/(x/5). Calculate the remainder when (16 + -17)*s*-1 is divided by 6.
5
Suppose -24*g = 4*g - 2324. What is the remainder when g is divided by 9?
2
Let u = 10 + -1. Suppose -8 = -2*d - 3*o + u, -o = -d + 1. Suppose d*w - 110 = 26. What is the remainder when w is divided by 18?
16
Let x = 82 - -49. Suppose -3*j + 0*j - m + x = 0, 5*m = -2*j + 70. What is the remainder when j is divided by 8?
5
Calculate the remainder when 640 is divided by (-2 - 111/(-15))/(22/660).
154
Let y = -357 + 399. What is the remainder when y is divided by 9?
6
Let o = 5 - 3. Let g be o*4/(-2) + -25. Let z = 16 - g. What is the remainder when z is divided by 24?
21
Calculate the remainder when 482 is divided by (-10)/(-4)*(-112)/(-70) + 19.
22
Let y(a) = -5*a**2 + 20*a - 20. Let h(j) = 9*j**2 - 39*j + 41. Let d(b) = 4*h(b) + 7*y(b). Calculate the remainder when 94 is divided by d(16).
22
Let y = 15 + -12. Suppose -5*f = y*v - 27, -2*f + 0*v - v = -11. Calculate the remainder when 9 is divided by f.
3
Let z(o) = -8*o + 8. Let r be z(6). Let w = -14 - r. Calculate the remainder when w is divided by 9.
8
Let g(i) = i**2 - 2*i + 19. Let t = -41 - -33. Calculate the remainder when g(t) is divided by 20.
19
Let s = 692 - 508. Calculate the remainder when s is divided by 32.
24
Let m(c) = -c**2 - 42*c + 53. What is the remainder when 53 is divided by m(-43)?
3
Let z(u) = -u + 4. Suppose -1 = w + 1. Suppose 16 = 2*q - 2*h - 2*h, -5*h + 15 = 0. What is the remainder when q is divided by z(w)?
2
Suppose 4*z - 140 = -160, h = -2*z + 204. Calculate the remainder when h is divided by 67.
13
Let f(m) = 0*m - 2*m**2 + 4 + 5*m**2 - m - m**3. Let l be f(3). Calculate the remainder when ((-1)/(-1))/(l/7) is divided by 5.
2
Suppose -37 = -3*z + 4*b, -b - 1 - 13 = -z. Calculate the remainder when 283 is divided by z.
17
Let r(n) = n**2 + 3*n - 3. Let p be r(4). Let f = p + -5. What is the remainder when (133/38)/(1/(-22))*-1 is divided by f?
17
Let n = 97 + -58. Calculate the remainder when 1956/n + (-16)/104 is divided by 13.
11
Suppose -16 = 4*f, -5*f + 8*f = 3*g + 27. Let s(i) = -2*i - 18 + i - i. Calculate the remainder when 13 is divided by s(g).
5
Let g(q) = -7*q**3 - q**2 - 3*q - 1. Let u(d) = 20 - 4*d - 2*d + 2*d - 4*d. Calculate the remainder when g(-2) is divided by u(0).
17
Suppose -r - 1148 = -3*m, 0*m + 764 = 2*m - r. Calculate the remainder when m is divided by 43.
40
Suppose 0 = 2*n + n - 4*d + 132, n = -d - 51. Let h = n + 59. What is the remainder when 53 is divided by h?
9
Let s = -1739 - -2267. Calculate the remainder when s is divided by 140.
108
Let t = 222 + -196. Calculate the remainder when 46 is divided by t.
20
Suppose 54 = 3*o + 3*n, o + 14 = 2*o + 5*n. Calculate the remainder when 151 is divided by o.
18
Let u = 522 + 901. What is the remainder when u is divided by 89?
88
Suppose -17 = -6*f + 1. Suppose 0 = -5*j - 25, 5*n - 6*j + j = 65. Let d(y) = -y**2 + 10*y - 7. Calculate the remainder when d(n) is divided by f.
0
Let f = 103 + -49. Let s(k) = 0*k**3 - 9*k**3 + 0*k**2 - 4*k**3 - 2*k**2. What is the remainder when f is divided by s(-1)?
10
Suppose 3*h - 103 - 116 = 0. Suppose -6*b + 3 - 9 = 0. Let q = b - -20. What is the remainder when h is divided by q?
16
Let w = 516 - 514. Calculate the remainder when w is divided by 1.
0
Suppose -10 = -4*r - 5*b + 27, -3*r - 5*b = -29. What is the remainder when (-20)/r*(-28)/5 is divided by 6?
2
Suppose -3*i + 3*k - 40 = -k, -4*k + 16 = 0. Let t = -81 + 127. Let h = t + i. Calculate the remainder when h is divided by 20.
18
Let v = -549 - -925. Calculate the remainder when v is divided by 18.
16
Let q be (-7)/(-4) + 21/(-28). What is the remainder when 26/6 + q + 6/9 is divided by 6?
0
Let r be (1 + (-9)/6)*10. Let i(w) = -2 + 4*w**2 - 2 + 3 + w**3 - 6*w. Calculate the remainder when 11 is divided by i(r).
3
Let w(x) = -x**2 - 2*x + 44. What is the remainder when 499 is divided by w(-6)?
19
Let y(f) = 3 + 8*f - 2 - 2. What is the remainder when y(1) is divided by 5?
2
Let x = -10 + 20. Suppose -12*f + x = -10*f. Calculate the remainder when f is divided by 4.
1
Suppose -87 = -4*l + l. Let d = 16 - l. Let w = 22 + d. What is the remainder when 25 is divided by w?
7
Suppose 5*u - 2*l = 2*l + 33, 3*u - 2*l = 19. Suppose 0 = -u*t + p + 76, 2*t - p = p + 24. What is the remainder when 47 is divided by t?
15
Let y = 1017 - 993. Cal